ase 5?
-3403243141
144a1 (base 16) to base 5
10124410
Convert -137b641 (base 12) to base 3.
-21100000102211
-75a47 (base 12) to base 5
-14432122
Convert 1152303 (base 7) to base 4.
203331201
-134531 (base 9) to base 16
-140a1
What is -1111423101 (base 5) in base 3?
-11121120000220
Convert -1212444 (base 5) to base 15.
-6b9e
a4dea (base 15) to base 8
1775217
-3123101122 (base 4) to base 13
-255a57
What is -323120 (base 9) in base 16?
-2f02b
Convert -174b8 (base 12) to base 10.
-33548
403321242 (base 5) to base 14
302645
What is 20001202202 (base 3) in base 14?
31719
166a59 (base 15) to base 7
12141222
Convert -1785112 (base 9) to base 8.
-3643061
Convert 1110111000111111001 (base 2) to base 15.
99889
39652 (base 15) to base 11
115aaa
What is 110001001000000001 (base 2) in base 16?
31201
What is 34a534 (base 11) in base 6?
15524313
Convert -18eb33 (base 15) to base 8.
-4503304
-297289 (base 10) to base 12
-124061
What is -11302313002 (base 4) in base 14?
-2b7830
-54120 (base 8) to base 10
-22608
14701370 (base 8) to base 10
3375864
-22220102010001 (base 3) to base 14
-8b26d7
Convert 4423266 (base 9) to base 15.
31e696
What is 1301424 (base 7) in base 2?
101001001010110011
What is 2751 (base 9) in base 7?
6016
-127a3 (base 13) to base 7
-201626
45064052 (base 7) to base 6
215315212
What is 32542 (base 16) in base 12?
9b36a
8401 (base 15) to base 6
333101
What is 1377a1 (base 12) in base 4?
1033022221
What is -1cb46 (base 16) in base 6?
-2304154
1000001110111101110011 (base 2) to base 8
10167563
-400033 (base 8) to base 15
-28c9e
Convert -2462020 (base 7) to base 14.
-83a80
What is 721f (base 16) in base 2?
111001000011111
-384f5 (base 16) to base 15
-48515
Convert -11001000110101011 (base 2) to base 16.
-191ab
Convert fb37d (base 16) to base 3.
1221021111201
Convert -2120212 (base 4) to base 8.
-23046
-20010002120 (base 3) to base 13
-42a20
111022222001210 (base 3) to base 9
14288053
Convert 5848a (base 13) to base 6.
3242055
Convert 631756 (base 9) to base 8.
1335034
What is 1504026 (base 8) in base 13?
11cab3
Convert -320412 (base 8) to base 15.
-21977
What is -1001111011101001 (base 2) in base 13?
-15694
-237a176 (base 11) to base 14
-79b80c
-1884424 (base 13) to base 16
-7a9b3f
-130998 (base 10) to base 16
-1ffb6
What is 21211221121 (base 3) in base 12?
754ba
Convert 3314026 (base 8) to base 11.
559391
6dd302 (base 14) to base 11
213a9a9
236830 (base 9) to base 16
22dee
What is -20021102102110 (base 3) in base 5?
-1323203010
Convert -3135244 (base 6) to base 15.
-30427
-151044243 (base 7) to base 9
-20747783
1b2b84 (base 13) to base 8
2507161
-7823752 (base 11) to base 3
-221211020010022
3540321 (base 6) to base 3
100100121111
Convert 1230033311 (base 4) to base 2.
1101100001111110101
Convert -10010010110100100110 (base 2) to base 8.
-2226446
Convert -124246 (base 10) to base 3.
-20022102201
-436346 (base 8) to base 11
-a020a
-153b0aa (base 13) to base 9
-13703541
What is -1937b50 (base 12) in base 8?
-24162254
What is -a8163a (base 11) in base 16?
-1a64ca
What is 110113220 (base 4) in base 12?
40348
What is 562454 (base 9) in base 16?
5223a
What is 43380 (base 9) in base 6?
341030
What is 12230020 (base 4) in base 5?
1334100
What is -3030001311 (base 4) in base 16?
-cc075
What is -925815 (base 15) in base 14?
-cd0532
-30044111 (base 5) to base 11
-152404
What is 122301344 (base 5) in base 13?
177687
What is 1471402 (base 8) in base 2?
1100111001100000010
What is -13341 (base 10) in base 3?
-200022010
What is -21120247 (base 9) in base 14?
-14ca271
-266928 (base 11) to base 3
-210021211111
Convert 880749 (base 12) to base 5.
1023020414
Convert 1343776 (base 9) to base 16.
b4177
-205864 (base 9) to base 3
-20012222011
Convert 28e69 (base 15) to base 11.
8a885
112230053 (base 6) to base 9
3807636
What is 24452265 (base 8) in base 5?
2340130022
What is -1200212200 (base 3) in base 16?
-82a4
Convert 1150010 (base 8) to base 12.
132634
What is 155ba (base 16) in base 13?
30a85
-34666434 (base 7) to base 12
-1036140
What is 5dfc1 (base 16) in base 14?
a0413
100100111101101100 (base 2) to base 5
14321104
Convert -4b0bde (base 15) to base 10.
-3597059
-110111101110101111 (base 2) to base 5
-24301041
-1223436 (base 7) to base 3
-21222210120
Convert 3252472 (base 8) to base 4.
3111110322
-1000011000100100100000 (base 2) to base 9
-4118721
Convert -16d6106 (base 14) to base 7.
-164546406
What is -1257209 (base 15) in base 7?
-220040565
103181 (base 9) to base 10
61390
What is -11423a (base 12) in base 14?
-72c46
What is 1112101303 (base 4) in base 6?
11324031
-110110101101101110010 (base 2) to base 13
-4aa0a0
Convert 32525432 (base 6) to base 8.
3561734
-94473 (base 14) to base 7
-3016403
1469650 (base 12) to base 11
2366089
What is -65a56 (base 15) in base 8?
-1166614
Convert -9886b7 (base 16) to base 10.
-9995959
What is -187524 (base 10) in base 15?
-3a869
What is 303451 (base 8) in base 11?
69264
What is 1708868 (base 10) in base 6?
100343232
Convert -57319a (base 12) to base 14.
-284418
What is 3645b4 (base 14) in base 16?
1c5252
Convert 1185813 (base 11) to base 9.
3775164
-20602 (base 10) to base 7
-114031
403336 (base 7) to base 15
15421
What is -295892 (base 10) in base 14?
-79b92
Convert -256010 (base 8) to base 14.
-24680
Convert 14340234 (base 6) to base 14.
cc650
-34054112 (base 6) to base 2
-11111100011001011100
What is -50818 (base 10) in base 9?
-76634
Convert -102020101 (base 4) to base 11.
-50877
What is 4243314 (base 5) in base 13?
26841
Convert -110010100010010100011 (base 2) to base 8.
-6242243
1001110001101110 (base 2) to base 11
280a6
Convert -30122003 (base 4) to base 12.
-254ab
What is -10101100001001010 (base 2) in base 8?
-254112
What is -1200031222 (base 4) in base 9?
-660527
-100541144 (base 7) to base 14
-ac7224
What is 4475116 (base 8) in base 13?
335258
11788a (base 11) to base 5
21423300
Convert 223555 (base 12) to base 3.
1000200202002
What is -4014540 (base 10) in base 8?
-17240714
What is -15111332 (base 6) in base 15?
-a4cc2
Convert -168553 (base 9) to base 11.
-71732
46d384 (base 15) to base 5
1331322144
-2616a82 (base 13) to base 2
-101101011111010110110011
cb231 (base 15) to base 14
12b161
14f305 (base 16) to base 4
11033030011
Convert 96868 (base 11) to base 12.
69591
101110011110001 (base 2) to base 5
1230133
Convert 3956381 (base 12) to base 14.
1706653
-5ccbb (base 13) to base 6
-3401143
What is 1616c82 (base 13) in base 2?
11011000101000001001100
-15450073 (base 9) to base 3
-112111200002110
1912794 (base 10) to base 12
782b36
What is -1a7552 (base 11) in base 3?
-121010110001
Convert -152689 (base 14) to base 15.
-e8429
What is 301075 (base 8) in base 12?
49279
What is -1b97 (base 14) in base 5?
-130113
Convert -5632021 (base 9) to base 12.
-1023017
What is 5515822 (base 9) in base 3?
12120112220202
What is -1a79d7 (base 15) in base 7?
-13656145
2512110 (base 6) to base 16
20b4a
What is -8507 (base 9) in base 7?
-24130
-131051552 (base 6) to base 12
-a40bb8
What is 141552525 (base 6) in base 5?
1220021010
Convert 2442203013 (base 5) to base 13.
1289898
Convert 48de4 (base 15) to base 9.
384107
355425325 (base 6) to base 5
3204103314
Convert 66495 (base 10) to base 5.
4111440
Convert 157963 (base 11) to base 7.
2036334
Convert -10000011010011 (base 2) to base 10.
-8403
What is 11120121102010 (base 3) in base 4?
21101333031
-53041401 (base 6) to base 3
-2220111121101
What is 2b68 (base 14) in base 4?
1320320
What is 2c4a1d (base 14) in base 11?
969270
de0385 (base 15) to base 6
1014444025
What is 200044331 (base 6) in base 9?
6288421
What is 3adde (base 15) in base 12?
9129b
220130050 (base 6) to base 13
a78221
2b481 (base 14) to base 8
322611
Convert -704067 (base 9) to base 14.
-aba12
What is -11001110111100011010 (base 2) in base 5?
-204111032
11020233 (base 4) to base 16
522f
What is -36264 (base 13) in base 11?
-6865a
406540 (base 8) to base 12
65a00
What is 133021123 (base 4) in base 2?
11111001001011011
-8153673 (base 9) to base 10
-4346121
What is 46743 (base 14) in base 12?
83347
What is 11101110100101001 (base 2) in base 8?
356451
What is 2a2898 (base 11) in base 14?
c4161
120110301 (base 4) to base 6
2045133
What is 177314 (base 8) in base 3?
10022110212
What is -1166074 (base 9) in base 10?
-6